{"id":10345,"date":"2020-04-22T13:55:30","date_gmt":"2020-04-22T16:55:30","guid":{"rendered":"https:\/\/ibape-nacional.com.br\/site\/?page_id=10345"},"modified":"2020-12-01T09:33:01","modified_gmt":"2020-12-01T12:33:01","slug":"codigo-de-etica","status":"publish","type":"page","link":"https:\/\/ibape-nacional.com.br\/site\/codigo-de-etica\/","title":{"rendered":"C\u00f3digo de \u00c9tica"},"content":{"rendered":"<p>Clique no \u00edcone abaixo para acessar o C\u00d3DIGO DE CONDUTA \u00c9TICA do IBAPE.<\/p>\n<p>&nbsp;<\/p>\n<p style=\"text-align: center;\"><a href=\"https:\/\/ibape-nacional.com.br\/site\/wp-content\/uploads\/2020\/12\/Codigo-de-Conduta-Etica-IBAPE-Nacional-163-AGE.pdf\" target=\"_blank\" rel=\"noopener noreferrer\"><img loading=\"lazy\" decoding=\"async\" class=\"alignnone wp-image-10349 size-medium\" src=\"https:\/\/ibape-nacional.com.br\/site\/wp-content\/uploads\/2020\/04\/book-conduta-etica-248x300.png\" alt=\"\" width=\"248\" height=\"300\" srcset=\"https:\/\/ibape-nacional.com.br\/site\/wp-content\/uploads\/2020\/04\/book-conduta-etica-248x300.png 248w, https:\/\/ibape-nacional.com.br\/site\/wp-content\/uploads\/2020\/04\/book-conduta-etica-124x150.png 124w, https:\/\/ibape-nacional.com.br\/site\/wp-content\/uploads\/2020\/04\/book-conduta-etica.png 664w\" sizes=\"auto, (max-width: 248px) 100vw, 248px\" \/><\/a><\/p>\n<p>&nbsp;<\/p>\n<p>Para a visualiza\u00e7\u00e3o do arquivo (PDF) ser\u00e1 necess\u00e1rio o uso do \u201cFoxit Reader\u201d, um leitor mais leve e r\u00e1pido que o Adobe Reader.<br \/>\nCaso n\u00e3o tenha instalado copie gratuitamente <a href=\"https:\/\/www.foxitsoftware.com\/pdf-reader\/\" target=\"_blank\" rel=\"noopener noreferrer\">clicando aqui<\/a>.<\/p>\n<p align=\"left\">Caso queira salvar o estatuto no disco r\u00edgido, clique com o bot\u00e3o direito sobre o link e depois selecione a op\u00e7\u00e3o \u201cSalvar Destino Como&#8230;\u201d.<\/p>\n","protected":false},"excerpt":{"rendered":"<p>Clique no \u00edcone abaixo para acessar o C\u00d3DIGO DE CONDUTA \u00c9TICA do IBAPE. &nbsp; &nbsp; Para a visualiza\u00e7\u00e3o do arquivo (PDF) ser\u00e1 necess\u00e1rio o uso do \u201cFoxit Reader\u201d, um leitor mais leve e r\u00e1pido que o Adobe Reader. Caso n\u00e3o tenha instalado copie gratuitamente clicando aqui. Caso queira salvar o estatuto no disco r\u00edgido, clique [&hellip;]<\/p>\n","protected":false},"author":293,"featured_media":0,"parent":0,"menu_order":0,"comment_status":"closed","ping_status":"closed","template":"page-institucional.php","meta":{"_joinchat":[],"footnotes":""},"class_list":["post-10345","page","type-page","status-publish","hentry"],"acf":[],"_links":{"self":[{"href":"https:\/\/ibape-nacional.com.br\/site\/wp-json\/wp\/v2\/pages\/10345","targetHints":{"allow":["GET"]}}],"collection":[{"href":"https:\/\/ibape-nacional.com.br\/site\/wp-json\/wp\/v2\/pages"}],"about":[{"href":"https:\/\/ibape-nacional.com.br\/site\/wp-json\/wp\/v2\/types\/page"}],"author":[{"embeddable":true,"href":"https:\/\/ibape-nacional.com.br\/site\/wp-json\/wp\/v2\/users\/293"}],"replies":[{"embeddable":true,"href":"https:\/\/ibape-nacional.com.br\/site\/wp-json\/wp\/v2\/comments?post=10345"}],"version-history":[{"count":1,"href":"https:\/\/ibape-nacional.com.br\/site\/wp-json\/wp\/v2\/pages\/10345\/revisions"}],"predecessor-version":[{"id":12613,"href":"https:\/\/ibape-nacional.com.br\/site\/wp-json\/wp\/v2\/pages\/10345\/revisions\/12613"}],"wp:attachment":[{"href":"https:\/\/ibape-nacional.com.br\/site\/wp-json\/wp\/v2\/media?parent=10345"}],"curies":[{"name":"wp","href":"https:\/\/api.w.org\/{rel}","templated":true}]}}