{"id":1089,"date":"2012-04-24T10:37:23","date_gmt":"2012-04-24T13:37:23","guid":{"rendered":"http:\/\/ibape-nacional.com.br\/site\/?page_id=1089"},"modified":"2018-06-25T12:50:46","modified_gmt":"2018-06-25T15:50:46","slug":"atribuicao-profissional","status":"publish","type":"page","link":"https:\/\/ibape-nacional.com.br\/site\/atribuicao-profissional\/","title":{"rendered":"Atribui\u00e7\u00e3o Profissional"},"content":{"rendered":"<div align=\"center\">\n<p>Somente podem avaliar os profissionais formados em Engenharia, nas suas devidas habilita\u00e7\u00f5es profissionais (Civil, Mec\u00e2nica, Agr\u00f4nomo, etc) e em Arquitetura segundo a LEI FEDERAL 5.194\/66 e a RESOLU\u00c7\u00c3O 345 DO CONFEA a seguir:<\/p>\n<p>&nbsp;<\/p>\n<p><a href=\"http:\/\/ibape-nacional.com.br\/documentos\/atribuicaoprofissional.pdf\" target=\"_blank\" rel=\"noopener\"><img loading=\"lazy\" decoding=\"async\" class=\"size-full wp-image-7456 alignnone\" src=\"https:\/\/ibape-nacional.com.br\/site\/wp-content\/uploads\/2018\/06\/book-lei-federal-5194-66.png\" alt=\"\" width=\"207\" height=\"250\" \/><\/a>\u00a0<a href=\"http:\/\/ibape-nacional.com.br\/documentos\/Resolucao_CONFEA_0345_90.pdf\" target=\"_blank\" rel=\"noopener\"><img loading=\"lazy\" decoding=\"async\" class=\"size-full wp-image-7458 alignnone\" src=\"https:\/\/ibape-nacional.com.br\/site\/wp-content\/uploads\/2018\/06\/book-resolucao-345-confea.png\" alt=\"\" width=\"207\" height=\"250\" \/><\/a><a href=\"http:\/\/ibape-nacional.com.br\/documentos\/Atribuicao_profissional_vsao_ABNT.pdf\" target=\"_blank\" rel=\"noopener\"><img loading=\"lazy\" decoding=\"async\" class=\"size-full wp-image-7459 alignnone\" src=\"https:\/\/ibape-nacional.com.br\/site\/wp-content\/uploads\/2018\/06\/book-visao-abnt-atribuicao-profissional.png\" alt=\"\" width=\"207\" height=\"250\" \/><\/a><\/p>\n<p>&nbsp;<\/p>\n<p>&nbsp;<\/p>\n<p><a href=\"http:\/\/ibape-nacional.com.br\/site\/wp-content\/uploads\/2013\/06\/atribuicoes-avaliacao-de-imoveis.pdf\" target=\"_blank\" rel=\"noopener\"><img loading=\"lazy\" decoding=\"async\" class=\"size-full wp-image-7452 alignnone\" src=\"https:\/\/ibape-nacional.com.br\/site\/wp-content\/uploads\/2018\/06\/book-avaliacao-de-imoveis-atribuicao-profissional.png\" alt=\"\" width=\"207\" height=\"250\" \/><\/a><a href=\"http:\/\/ibape-nacional.com.br\/site\/wp-content\/uploads\/2013\/06\/avaliacoes-oquee-e-como-contratar.pdf\" target=\"_blank\" rel=\"noopener\"><img loading=\"lazy\" decoding=\"async\" class=\"size-full wp-image-7453 alignnone\" src=\"https:\/\/ibape-nacional.com.br\/site\/wp-content\/uploads\/2018\/06\/book-avalica-o-que-e.png\" alt=\"\" width=\"207\" height=\"250\" \/><\/a> <a href=\"http:\/\/ibape-nacional.com.br\/site\/wp-content\/uploads\/2013\/06\/inspecao-predial-a-saude-dos-edificios.pdf\" target=\"_blank\" rel=\"noopener\"><img loading=\"lazy\" decoding=\"async\" class=\"size-full wp-image-7455 alignnone\" src=\"https:\/\/ibape-nacional.com.br\/site\/wp-content\/uploads\/2018\/06\/book-inspecao-predial.png\" alt=\"\" width=\"207\" height=\"250\" \/><\/a><\/p>\n<p>&nbsp;<\/p>\n<p>&nbsp;<\/p>\n<p><span class=\"style1\">Para acessar, clique no \u00edcone abaixo para fazer download do arquivo em\u00a0PDF.<\/span>Para a visualiza\u00e7\u00e3o do arquivo (PDF) ser\u00e1 necess\u00e1rio o uso do \u201cFoxit Reader\u201d, um leitor mais leve e r\u00e1pido que o Adobe Reader.Caso n\u00e3o tenha instalado copie gratuitamente <a href=\"http:\/\/www.baixaki.com.br\/site\/dwnld37745.htm\" target=\"_blank\" rel=\"noopener\">clicando aqu\u00ed<\/a>.<\/p>\n<p class=\"style1\" align=\"left\">Caso queira salvar a atribui\u00e7\u00e3o profissional no disco r\u00edgido, clique com o bot\u00e3o direito sobre o link e depois selecione a op\u00e7\u00e3o \u201cSalvar Destino Como&#8230;\u201d.<\/p>\n<\/div>\n","protected":false},"excerpt":{"rendered":"<p>Somente podem avaliar os profissionais formados em Engenharia, nas suas devidas habilita\u00e7\u00f5es profissionais (Civil, Mec\u00e2nica, Agr\u00f4nomo, etc) e em Arquitetura segundo a LEI FEDERAL 5.194\/66 e a RESOLU\u00c7\u00c3O 345 DO CONFEA a seguir: &nbsp; \u00a0 &nbsp; &nbsp; &nbsp; &nbsp; Para acessar, clique no \u00edcone abaixo para fazer download do arquivo em\u00a0PDF.Para a visualiza\u00e7\u00e3o do arquivo [&hellip;]<\/p>\n","protected":false},"author":293,"featured_media":0,"parent":0,"menu_order":0,"comment_status":"closed","ping_status":"open","template":"page-institucional.php","meta":{"_joinchat":[],"footnotes":""},"class_list":["post-1089","page","type-page","status-publish","hentry"],"acf":[],"_links":{"self":[{"href":"https:\/\/ibape-nacional.com.br\/site\/wp-json\/wp\/v2\/pages\/1089","targetHints":{"allow":["GET"]}}],"collection":[{"href":"https:\/\/ibape-nacional.com.br\/site\/wp-json\/wp\/v2\/pages"}],"about":[{"href":"https:\/\/ibape-nacional.com.br\/site\/wp-json\/wp\/v2\/types\/page"}],"author":[{"embeddable":true,"href":"https:\/\/ibape-nacional.com.br\/site\/wp-json\/wp\/v2\/users\/293"}],"replies":[{"embeddable":true,"href":"https:\/\/ibape-nacional.com.br\/site\/wp-json\/wp\/v2\/comments?post=1089"}],"version-history":[{"count":0,"href":"https:\/\/ibape-nacional.com.br\/site\/wp-json\/wp\/v2\/pages\/1089\/revisions"}],"wp:attachment":[{"href":"https:\/\/ibape-nacional.com.br\/site\/wp-json\/wp\/v2\/media?parent=1089"}],"curies":[{"name":"wp","href":"https:\/\/api.w.org\/{rel}","templated":true}]}}