{"id":7553,"date":"2018-06-29T15:24:16","date_gmt":"2018-06-29T18:24:16","guid":{"rendered":"https:\/\/ibape-nacional.com.br\/site\/?page_id=7553"},"modified":"2025-09-23T13:28:00","modified_gmt":"2025-09-23T16:28:00","slug":"certame","status":"publish","type":"page","link":"https:\/\/ibape-nacional.com.br\/site\/certificacao\/certame\/","title":{"rendered":"Sobre a Certifica\u00e7\u00e3o Profissional"},"content":{"rendered":"<div><\/div>\n<div>\n<h1 data-start=\"196\" data-end=\"268\"><span style=\"color: #333333;\">Certifica\u00e7\u00e3o Profissional em Engenharia de Avalia\u00e7\u00f5es \u2013 IBAPE Nacional<\/span><\/h1>\n<p data-start=\"270\" data-end=\"322\"><span style=\"color: #333333;\"><strong data-start=\"270\" data-end=\"322\">Conquiste um diferencial competitivo no mercado!<\/strong><\/span><\/p>\n<p data-start=\"324\" data-end=\"493\"><span style=\"color: #333333;\">O IBAPE Nacional realiza o <strong data-start=\"351\" data-end=\"395\">13\u00ba Certame de Certifica\u00e7\u00e3o Profissional<\/strong>, que atesta a compet\u00eancia t\u00e9cnica de profissionais que atuam na \u00e1rea de Engenharia de Avalia\u00e7\u00f5es.<\/span><\/p>\n<p data-start=\"45\" data-end=\"136\"><span style=\"color: #333333;\"><strong data-start=\"45\" data-end=\"134\">Leia atentamente todas as orienta\u00e7\u00f5es abaixo antes de acessar o link de inscri\u00e7\u00f5es.<\/strong><\/span><\/p>\n<h2 data-start=\"2915\" data-end=\"2932\"><span style=\"color: #333333;\">\ud83d\udcd8 Regulamento<\/span><\/h2>\n<ul>\n<li data-start=\"2934\" data-end=\"3108\"><span style=\"color: #333333;\">\u00c9 indispens\u00e1vel que o candidato <span style=\"color: #0000ff;\"><a style=\"color: #0000ff;\" href=\"https:\/\/ibape-nacional.com.br\/site\/wp-content\/uploads\/2025\/09\/REGULAMENTO-CERTIFICACAO-PROFISSIONAL-2025-1.pdf\" target=\"_blank\" rel=\"noopener\"><strong data-start=\"2966\" data-end=\"3029\">leia\u00a0o Regulamento da Certifica\u00e7\u00e3o Profissional<\/strong><\/a><\/span>, onde constam todas as regras, prazos, exig\u00eancias e detalhes sobre cada etapa.<\/span><\/li>\n<\/ul>\n<p data-start=\"2934\" data-end=\"3108\">\n<\/div>\n<div>\n<h2 data-start=\"500\" data-end=\"545\"><span style=\"color: #333333;\">\u2705 Requisitos para Inscri\u00e7\u00e3o e Certifica\u00e7\u00e3o<\/span><\/h2>\n<ul data-start=\"547\" data-end=\"776\">\n<li data-start=\"547\" data-end=\"640\">\n<p data-start=\"549\" data-end=\"640\"><span style=\"color: #333333;\"><strong>Forma\u00e7\u00e3o superior plena<\/strong> em profiss\u00e3o integrante do <strong data-start=\"600\" data-end=\"623\">Sistema CONFEA\/CREA<\/strong> ou <strong data-start=\"627\" data-end=\"637\">CAU-BR<\/strong>.<\/span><\/p>\n<\/li>\n<li data-start=\"641\" data-end=\"705\">\n<p data-start=\"643\" data-end=\"705\"><span style=\"color: #333333;\">Situa\u00e7\u00e3o regular perante o respectivo conselho profissional.<\/span><\/p>\n<\/li>\n<li data-start=\"706\" data-end=\"776\">\n<p data-start=\"708\" data-end=\"776\"><span style=\"color: #333333;\"><strong data-start=\"708\" data-end=\"753\">Experi\u00eancia profissional m\u00ednima de 2 anos<\/strong> na \u00e1rea de avalia\u00e7\u00f5es.<\/span><\/p>\n<\/li>\n<\/ul>\n<h2 data-start=\"783\" data-end=\"801\"><span style=\"color: #333333;\">\ud83d\udcb0 Investimento<\/span><\/h2>\n<ul data-start=\"803\" data-end=\"931\">\n<li data-start=\"803\" data-end=\"846\">\n<p data-start=\"805\" data-end=\"846\"><span style=\"color: #333333;\"><strong data-start=\"805\" data-end=\"815\">Valor:<\/strong> R$ 900,00 (novecentos reais)<\/span><\/p>\n<\/li>\n<li data-start=\"847\" data-end=\"931\">\n<p data-start=\"849\" data-end=\"931\"><span style=\"color: #333333;\"><strong data-start=\"849\" data-end=\"872\">Forma de pagamento:<\/strong> Somente \u00e0 vista, via <strong data-start=\"894\" data-end=\"901\">Pix<\/strong> ou <strong data-start=\"905\" data-end=\"931\">transfer\u00eancia banc\u00e1ria<\/strong><\/span><\/p>\n<\/li>\n<\/ul>\n<p>&nbsp;<\/p>\n<h2 data-start=\"938\" data-end=\"969\"><span style=\"color: #333333;\">\ud83d\udcc5 Cronograma do 13\u00ba Certame<\/span><\/h2>\n<h2 data-start=\"1181\" data-end=\"1200\"><span style=\"color: #333333;\">\ud83d\udcdd Exame<\/span><\/h2>\n<ul>\n<li><span style=\"background-color: #ffff00; color: #333333;\"><strong data-start=\"1137\" data-end=\"1155\">Data do exame: <\/strong><strong data-start=\"1158\" data-end=\"1172\">16\/10\/2025<\/strong><\/span><\/li>\n<li data-start=\"1202\" data-end=\"1448\">\n<p data-start=\"1204\" data-end=\"1448\"><span style=\"color: #333333;\"><strong data-start=\"1204\" data-end=\"1214\">Local: <\/strong>O exame \u00e9 realizado <strong data-start=\"1239\" data-end=\"1258\">presencialmente<\/strong>, nas <strong data-start=\"1264\" data-end=\"1300\">Capitais dos Estados brasileiros<\/strong>.<\/span><br data-start=\"1301\" data-end=\"1304\" \/><span style=\"color: #333333;\">O <strong data-start=\"1308\" data-end=\"1374\">local exato da prova ser\u00e1 informado com 3 dias de anteced\u00eancia<\/strong>, por e-mail ou por meio da \u00e1rea do candidato no site do IBAPE Nacional.<\/span><\/p>\n<\/li>\n<li data-start=\"1450\" data-end=\"1529\">\n<p data-start=\"1452\" data-end=\"1529\"><span style=\"color: #333333;\"><strong data-start=\"1452\" data-end=\"1464\">Formato: <\/strong>80 quest\u00f5es objetivas, baseadas na <strong data-start=\"1504\" data-end=\"1528\">Norma ABNT NBR 14653<\/strong>.<\/span><\/p>\n<\/li>\n<li data-start=\"1531\" data-end=\"1584\">\n<p data-start=\"1533\" data-end=\"1584\"><span style=\"color: #333333;\"><strong data-start=\"1533\" data-end=\"1564\">Nota m\u00ednima para aprova\u00e7\u00e3o: <\/strong>60% de acertos.<\/span><\/p>\n<\/li>\n<li data-start=\"1586\" data-end=\"1644\">\n<p data-start=\"1588\" data-end=\"1644\"><span style=\"color: #333333;\"><strong data-start=\"1588\" data-end=\"1601\">Simulado: <\/strong><a style=\"color: #333333;\" href=\"https:\/\/ibape-nacional.com.br\/site\/certificacao\/simulado-da-prova\/\">Clique aqui para acessar o simulado<\/a><\/span><\/p>\n<\/li>\n<\/ul>\n<h2 data-start=\"1651\" data-end=\"1683\"><span style=\"color: #333333;\">\ud83d\udcd1 Etapas Posteriores ao Exame<\/span><\/h2>\n<p data-start=\"1685\" data-end=\"1762\"><span style=\"color: #333333;\">Estas etapas s\u00e3o v\u00e1lidas <strong data-start=\"1710\" data-end=\"1752\">apenas para quem atingir a nota m\u00ednima<\/strong> no exame:<\/span><\/p>\n<ul data-start=\"1764\" data-end=\"2388\">\n<li data-start=\"1764\" data-end=\"1822\">\n<p data-start=\"1766\" data-end=\"1822\"><span style=\"color: #333333;\"><strong data-start=\"1766\" data-end=\"1803\">Divulga\u00e7\u00e3o do resultado do exame: <\/strong><strong data-start=\"1808\" data-end=\"1822\">17\/10\/2025<\/strong><\/span><\/p>\n<\/li>\n<li data-start=\"1824\" data-end=\"1920\">\n<p data-start=\"1826\" data-end=\"1920\"><span style=\"color: #333333;\"><strong data-start=\"1826\" data-end=\"1872\">Prazo recursal sobre o resultado da prova: <\/strong>De <strong data-start=\"1880\" data-end=\"1894\">17\/10\/2025<\/strong> a <strong data-start=\"1897\" data-end=\"1911\">20\/10\/2025<\/strong><\/span><\/p>\n<\/li>\n<li data-start=\"1922\" data-end=\"1970\">\n<p data-start=\"1924\" data-end=\"1970\"><span style=\"color: #333333;\"><strong data-start=\"1924\" data-end=\"1951\">Respostas aos recursos: <\/strong><strong data-start=\"1956\" data-end=\"1970\">21\/10\/2025<\/strong><\/span><\/p>\n<\/li>\n<li data-start=\"1972\" data-end=\"2063\">\n<p data-start=\"1974\" data-end=\"2063\"><span style=\"color: #333333;\"><strong data-start=\"1974\" data-end=\"2014\">Envio da documenta\u00e7\u00e3o comprobat\u00f3ria: <\/strong>De <strong data-start=\"2022\" data-end=\"2036\">30\/10\/2025<\/strong> a <strong data-start=\"2039\" data-end=\"2053\">14\/12\/2025<\/strong><\/span><\/p>\n<\/li>\n<li data-start=\"2065\" data-end=\"2144\">\n<p data-start=\"2067\" data-end=\"2144\"><span style=\"color: #333333;\"><strong data-start=\"2067\" data-end=\"2095\">An\u00e1lise da documenta\u00e7\u00e3o: <\/strong>De <strong data-start=\"2103\" data-end=\"2117\">15\/12\/2025<\/strong> a <strong data-start=\"2120\" data-end=\"2134\">13\/02\/2026<\/strong><\/span><\/p>\n<\/li>\n<li data-start=\"2146\" data-end=\"2217\">\n<p data-start=\"2148\" data-end=\"2217\"><span style=\"color: #333333;\"><strong data-start=\"2148\" data-end=\"2198\">Divulga\u00e7\u00e3o do resultado da an\u00e1lise documental: <\/strong><strong data-start=\"2203\" data-end=\"2217\">13\/02\/2026<\/strong><\/span><\/p>\n<\/li>\n<li data-start=\"2219\" data-end=\"2316\">\n<p data-start=\"2221\" data-end=\"2316\"><span style=\"color: #333333;\"><strong data-start=\"2221\" data-end=\"2267\">Prazo recursal sobre a an\u00e1lise documental: <\/strong>De <strong data-start=\"2275\" data-end=\"2289\">20\/02\/2026<\/strong> a <strong data-start=\"2292\" data-end=\"2306\">12\/03\/2026<\/strong><\/span><\/p>\n<\/li>\n<li data-start=\"2318\" data-end=\"2388\">\n<p data-start=\"2320\" data-end=\"2388\"><span style=\"color: #333333;\"><strong data-start=\"2320\" data-end=\"2349\">Entrega dos certificados: <\/strong>De <strong data-start=\"2357\" data-end=\"2371\">13\/03\/2026<\/strong> a <strong data-start=\"2374\" data-end=\"2388\">20\/03\/2026<\/strong><\/span><\/p>\n<\/li>\n<\/ul>\n<p>&nbsp;<\/p>\n<h2 data-start=\"2395\" data-end=\"2436\"><span style=\"color: #333333;\">\ud83c\udf93 Qualifica\u00e7\u00e3o e Atribui\u00e7\u00e3o de N\u00edveis<\/span><\/h2>\n<p data-start=\"2438\" data-end=\"2678\"><span style=\"color: #333333;\">Ap\u00f3s aprova\u00e7\u00e3o no exame e an\u00e1lise documental, ser\u00e1 conferida a certifica\u00e7\u00e3o conforme n\u00edveis previstos no regulamento. Cada n\u00edvel exige comprova\u00e7\u00e3o de experi\u00eancia espec\u00edfica. Consulte a tabela de requisitos detalhada no regulamento completo.<\/span><\/p>\n<\/div>\n<p style=\"text-align: center;\" data-start=\"2438\" data-end=\"2678\"><a href=\"https:\/\/ibape-nacional.com.br\/site\/wp-content\/uploads\/2025\/08\/NIVEIS.jpg\"><img loading=\"lazy\" decoding=\"async\" class=\"aligncenter size-full wp-image-18258\" src=\"https:\/\/ibape-nacional.com.br\/site\/wp-content\/uploads\/2025\/08\/NIVEIS.jpg\" alt=\"\" width=\"477\" height=\"690\" srcset=\"https:\/\/ibape-nacional.com.br\/site\/wp-content\/uploads\/2025\/08\/NIVEIS.jpg 477w, https:\/\/ibape-nacional.com.br\/site\/wp-content\/uploads\/2025\/08\/NIVEIS-207x300.jpg 207w, https:\/\/ibape-nacional.com.br\/site\/wp-content\/uploads\/2025\/08\/NIVEIS-104x150.jpg 104w\" sizes=\"auto, (max-width: 477px) 100vw, 477px\" \/><\/a><\/p>\n<div>\n<h2 data-start=\"2685\" data-end=\"2718\"><\/h2>\n<\/div>\n<div>\n<h2 data-start=\"2685\" data-end=\"2718\"><span style=\"color: #333333;\">\ud83d\udd04 Recertifica\u00e7\u00e3o Profissional<\/span><\/h2>\n<ul data-start=\"2720\" data-end=\"2908\">\n<li data-start=\"2720\" data-end=\"2755\">\n<p data-start=\"2722\" data-end=\"2755\"><span style=\"color: #333333;\"><strong data-start=\"2722\" data-end=\"2745\">Validade do t\u00edtulo:<\/strong> 3 anos.<\/span><\/p>\n<\/li>\n<li data-start=\"2756\" data-end=\"2866\">\n<p data-start=\"2758\" data-end=\"2866\"><span style=\"color: #333333;\">Para manter a certifica\u00e7\u00e3o, \u00e9 necess\u00e1rio comprovar atua\u00e7\u00e3o cont\u00ednua na \u00e1rea, conforme regulamento vigente.<\/span><\/p>\n<\/li>\n<li data-start=\"2867\" data-end=\"2908\">\n<p data-start=\"2869\" data-end=\"2908\"><span style=\"color: #333333;\"><strong data-start=\"2869\" data-end=\"2897\">Valor da recertifica\u00e7\u00e3o:<\/strong> R$ 450,00.<\/span><\/p>\n<\/li>\n<\/ul>\n<\/div>\n<p>&nbsp;<\/p>\n<h2 data-start=\"27\" data-end=\"46\"><span style=\"color: #333333;\">\ud83d\udcdd <span style=\"color: #0000ff;\">Inscri\u00e7\u00f5es<\/span><\/span><\/h2>\n<p data-start=\"47\" data-end=\"252\"><span style=\"color: #333333;\">Agora que voc\u00ea j\u00e1 conferiu o Regulamento e as orienta\u00e7\u00f5es, <strong><a style=\"color: #333333;\" href=\"https:\/\/certificacao.ibape-nacional.com.br\/\"><span style=\"color: #0000ff;\">clique aqui<\/span><\/a><\/strong> para realizar sua inscri\u00e7\u00e3o no Certame 2025.<\/span><br data-start=\"162\" data-end=\"165\" \/><span style=\"color: #333333;\">\u26a0\ufe0f As inscri\u00e7\u00f5es v\u00e3o somente at\u00e9 <strong data-start=\"198\" data-end=\"216\">26 de setembro<\/strong> e a data <strong data-start=\"226\" data-end=\"249\" data-is-only-node=\"\">n\u00e3o ser\u00e1 prorrogada<\/strong>.<\/span><\/p>\n<p>&nbsp;<\/p>\n<h2 data-start=\"118\" data-end=\"146\">\ud83d\udcfa <span style=\"color: #333333;\">Live de Orienta\u00e7\u00f5es<\/span><\/h2>\n<p data-start=\"148\" data-end=\"393\"><span style=\"color: #333333;\">No dia <strong data-start=\"155\" data-end=\"173\">04 de setembro<\/strong>, o IBAPE realizar\u00e1 uma <strong data-start=\"197\" data-end=\"213\">Live ao vivo<\/strong> com todas as orienta\u00e7\u00f5es sobre o Certame 2025.<\/span><br data-start=\"260\" data-end=\"263\" \/><span style=\"color: #333333;\">Essa ser\u00e1 a oportunidade para esclarecer d\u00favidas e receber informa\u00e7\u00f5es detalhadas sobre o processo de Certifica\u00e7\u00e3o Profissional.<\/span><\/p>\n<p data-start=\"395\" data-end=\"512\"><span style=\"color: #333333;\">\ud83d\udd17 Acesse a transmiss\u00e3o: <a class=\"decorated-link\" style=\"color: #333333;\" href=\"https:\/\/www.youtube.com\/watch?v=FKlE9kEpo_k&amp;utm_source=chatgpt.com\" target=\"_new\" rel=\"noopener\" data-start=\"420\" data-end=\"510\">https:\/\/www.youtube.com\/watch?v=FKlE9kEpo_k<\/a><\/span><\/p>\n<p>&nbsp;<\/p>\n<div>\n<h2 data-start=\"3115\" data-end=\"3142\"><span style=\"color: #333333;\">\ud83d\udce7 D\u00favidas e Informa\u00e7\u00f5es<\/span><\/h2>\n<p data-start=\"3144\" data-end=\"3234\"><span style=\"color: #333333;\">Em caso de d\u00favidas, entre em contato pelo e-mail:<\/span><span style=\"color: #333333;\"><strong data-start=\"3196\" data-end=\"3234\"><a class=\"cursor-pointer\" style=\"color: #333333;\" rel=\"noopener\" data-start=\"3198\" data-end=\"3232\">certificacao@ibape-nacional.com.br <\/a><\/strong><\/span><\/p>\n<p data-start=\"3144\" data-end=\"3234\"><span style=\"color: #333333;\"><strong data-start=\"3196\" data-end=\"3234\"><a style=\"color: #333333;\" href=\"https:\/\/web.whatsapp.com\/send?phone=551131153784&amp;text=Ol%C3%A1+*IBAPE+Nacional*%21+Preciso+de+mais+informa%C3%A7%C3%B5es+sobre%3A+https%3A%2F%2Fibape-nacional.com.br%2Fsite%2F\" data-start=\"3198\" data-end=\"3232\">ou envie uma mensagem atrav\u00e9s do WhatsApp<\/a>.<\/strong><\/span><\/p>\n<\/div>\n<div>\n<p>&nbsp;<\/p>\n<\/div>\n","protected":false},"excerpt":{"rendered":"<p>Certifica\u00e7\u00e3o Profissional em Engenharia de Avalia\u00e7\u00f5es \u2013 IBAPE Nacional Conquiste um diferencial competitivo no mercado! O IBAPE Nacional realiza o 13\u00ba Certame de Certifica\u00e7\u00e3o Profissional, que atesta a compet\u00eancia t\u00e9cnica de profissionais que atuam na \u00e1rea de Engenharia de Avalia\u00e7\u00f5es. Leia atentamente todas as orienta\u00e7\u00f5es abaixo antes de acessar o link de inscri\u00e7\u00f5es. \ud83d\udcd8 Regulamento [&hellip;]<\/p>\n","protected":false},"author":293,"featured_media":0,"parent":7540,"menu_order":0,"comment_status":"closed","ping_status":"closed","template":"template-certificacao-texto.php","meta":{"_joinchat":[],"footnotes":""},"class_list":["post-7553","page","type-page","status-publish","hentry"],"acf":[],"_links":{"self":[{"href":"https:\/\/ibape-nacional.com.br\/site\/wp-json\/wp\/v2\/pages\/7553","targetHints":{"allow":["GET"]}}],"collection":[{"href":"https:\/\/ibape-nacional.com.br\/site\/wp-json\/wp\/v2\/pages"}],"about":[{"href":"https:\/\/ibape-nacional.com.br\/site\/wp-json\/wp\/v2\/types\/page"}],"author":[{"embeddable":true,"href":"https:\/\/ibape-nacional.com.br\/site\/wp-json\/wp\/v2\/users\/293"}],"replies":[{"embeddable":true,"href":"https:\/\/ibape-nacional.com.br\/site\/wp-json\/wp\/v2\/comments?post=7553"}],"version-history":[{"count":99,"href":"https:\/\/ibape-nacional.com.br\/site\/wp-json\/wp\/v2\/pages\/7553\/revisions"}],"predecessor-version":[{"id":18361,"href":"https:\/\/ibape-nacional.com.br\/site\/wp-json\/wp\/v2\/pages\/7553\/revisions\/18361"}],"up":[{"embeddable":true,"href":"https:\/\/ibape-nacional.com.br\/site\/wp-json\/wp\/v2\/pages\/7540"}],"wp:attachment":[{"href":"https:\/\/ibape-nacional.com.br\/site\/wp-json\/wp\/v2\/media?parent=7553"}],"curies":[{"name":"wp","href":"https:\/\/api.w.org\/{rel}","templated":true}]}}