{"id":7563,"date":"2018-06-29T16:17:42","date_gmt":"2018-06-29T19:17:42","guid":{"rendered":"https:\/\/ibape-nacional.com.br\/site\/?page_id=7563"},"modified":"2018-06-29T19:34:57","modified_gmt":"2018-06-29T22:34:57","slug":"fale-conosco","status":"publish","type":"page","link":"https:\/\/ibape-nacional.com.br\/site\/certificacao\/fale-conosco\/","title":{"rendered":"Fale Conosco"},"content":{"rendered":"<h1>FALE CONOSCO<\/h1>\n<p>Em caso de d\u00favidas, sugest\u00f5es ou reclama\u00e7\u00f5es,\u00a0 utilize nosso formul\u00e1rio para enviar sua mensagem.<\/p>\n<hr \/>\n<span class=\"glyphicon glyphicon-earphone\" style=\"font-size:inherit;color:inherit;\"><\/span> (11) 3115-3784<\/p>\n<span class=\"glyphicon glyphicon-envelope\" style=\"font-size:inherit;color:inherit;\"><\/span> certificacao@ibape-nacional.com.br<\/p>\n<span class=\"glyphicon glyphicon-map-marker\" style=\"font-size:inherit;color:inherit;\"><\/span>\u00a0Rua Maria Paula. 122 &#8211; cj 109\/110 &#8211; 1\u00ba andar<br \/>\n<span class=\"glyphicon glyphicon-minus\" style=\"font-size:inherit;color:inherit;\"><\/span> S\u00e3o Paulo &#8211; SP &#8211; Brasil &#8211; CEP: 01319-000<\/p>\n","protected":false},"excerpt":{"rendered":"<p>FALE CONOSCO Em caso de d\u00favidas, sugest\u00f5es ou reclama\u00e7\u00f5es,\u00a0 utilize nosso formul\u00e1rio para enviar sua mensagem. (11) 3115-3784 certificacao@ibape-nacional.com.br \u00a0Rua Maria Paula. 122 &#8211; cj 109\/110 &#8211; 1\u00ba andar S\u00e3o Paulo &#8211; SP &#8211; Brasil &#8211; CEP: 01319-000<\/p>\n","protected":false},"author":293,"featured_media":0,"parent":7540,"menu_order":0,"comment_status":"closed","ping_status":"closed","template":"template-certificacao-contato.php","meta":{"_joinchat":[],"footnotes":""},"class_list":["post-7563","page","type-page","status-publish","hentry"],"acf":[],"_links":{"self":[{"href":"https:\/\/ibape-nacional.com.br\/site\/wp-json\/wp\/v2\/pages\/7563","targetHints":{"allow":["GET"]}}],"collection":[{"href":"https:\/\/ibape-nacional.com.br\/site\/wp-json\/wp\/v2\/pages"}],"about":[{"href":"https:\/\/ibape-nacional.com.br\/site\/wp-json\/wp\/v2\/types\/page"}],"author":[{"embeddable":true,"href":"https:\/\/ibape-nacional.com.br\/site\/wp-json\/wp\/v2\/users\/293"}],"replies":[{"embeddable":true,"href":"https:\/\/ibape-nacional.com.br\/site\/wp-json\/wp\/v2\/comments?post=7563"}],"version-history":[{"count":0,"href":"https:\/\/ibape-nacional.com.br\/site\/wp-json\/wp\/v2\/pages\/7563\/revisions"}],"up":[{"embeddable":true,"href":"https:\/\/ibape-nacional.com.br\/site\/wp-json\/wp\/v2\/pages\/7540"}],"wp:attachment":[{"href":"https:\/\/ibape-nacional.com.br\/site\/wp-json\/wp\/v2\/media?parent=7563"}],"curies":[{"name":"wp","href":"https:\/\/api.w.org\/{rel}","templated":true}]}}