{"id":777,"date":"2012-04-10T11:36:58","date_gmt":"2012-04-10T14:36:58","guid":{"rendered":"http:\/\/ibape-nacional.com.br\/site\/?page_id=777"},"modified":"2025-04-07T15:26:55","modified_gmt":"2025-04-07T18:26:55","slug":"institucional-2","status":"publish","type":"page","link":"https:\/\/ibape-nacional.com.br\/site\/institucional-2\/","title":{"rendered":"Institucional"},"content":{"rendered":"<p><strong>O que \u00e9 o IBAPE?<\/strong><\/p>\n<p>Fundado em 1957, o IBAPE Instituto Brasileiro de Avalia\u00e7\u00f5es e Per\u00edcias de Engenharia \u00e9 uma Entidade FederativaNacional de car\u00e1ter t\u00e9cnico com um destacado hist\u00f3rico institucional constru\u00eddo atrav\u00e9s de a\u00e7\u00f5es pioneiras intimamente ligadas ao desenvolvimento das atividades dos profissionais da engenharia e da arquitetura atuantes nos campos das avalia\u00e7\u00f5es de bens e das per\u00edcias.<\/p>\n<p>Da elabora\u00e7\u00e3o da primeira norma brasileira de avalia\u00e7\u00f5es de im\u00f3veis urbanos \u00e0 realiza\u00e7\u00e3o de in\u00fameros eventos t\u00e9cnicos, com destaque para diversos\u00a0Congressos Brasileiros de Engenharia de Avalia\u00e7\u00f5es e Per\u00edcias, desde o IBAPE esteve \u00e0 frente de todas as principais iniciativas relacionadas \u00e0 difus\u00e3o de conhecimento t\u00e9cnico, treinamento e aprimoramento de uma categoria profissional que vem ganhando import\u00e2ncia cada dia na sociedade brasileira.<\/p>\n<p>Constitu\u00eddo por milhares de engenheiros e arquitetos integrantes de vinte e cinco Institutos de \u00e2mbito estadual filiados \u00e0 Entidade Nacional, o segmento profissional representado pelo IBAPE, que na origem encontrava na Justi\u00e7a de Estado seu principal foco de atua\u00e7\u00e3o, com sua determinante contribui\u00e7\u00e3o, hoje milita tamb\u00e9m nos mercados imobili\u00e1rio e financeiro, na consolida\u00e7\u00e3o patrimonial das empresas, nas arbitragens e em diversos outros segmentos da economia.<\/p>\n<p>Na esfera internacional o IBAPE mant\u00e9m filia\u00e7\u00e3o \u00e0 UPAV Uni\u00e3o Pan-americana de Associa\u00e7\u00f5es de Avalia\u00e7\u00e3o e ao IVSC &#8211; International Valuation Standards Council e, atrav\u00e9s desses organismos, vem participando das mais importantes a\u00e7\u00f5es para consolida\u00e7\u00e3o, nos planos continental e global, de conceitos e procedimentos que devem regrar a elabora\u00e7\u00e3o de trabalhos avaliat\u00f3rios.<\/p>\n<p>Com o intuito de elevar a qualidade das avalia\u00e7\u00f5es e das per\u00edcias a n\u00edveis de excel\u00eancia o IBAPE, que integra o Col\u00e9gio de Entidades do CONFEA Conselho Federal de Engenharia e Agronomia, al\u00e9m de estimular e participar do ensino universit\u00e1rio em n\u00edvel de p\u00f3s-gradua\u00e7\u00e3o, implantou e tem gerido um exitoso programa de certifica\u00e7\u00e3o profissional.<\/p>\n<p><strong>Convidamos a todos a se tornarem um profissional associado ao IBAPE!<\/strong><\/p>\n<p>Vantagens:<\/p>\n<ul>\n<li>Fortalecimento da classe;<\/li>\n<li>Ter o nome publicado no site do <u>IBAPE<\/u> Estadual e consequentemente no <u>IBAPE<\/u> Nacional;<\/li>\n<li>Ter descontos ou isen\u00e7\u00f5es nos cursos, semin\u00e1rios e congressos promovidos pelo <u>IBAPE<\/u> Estadual e <u>IBAPE<\/u> Nacional;<\/li>\n<li>Possibilidade de descontos e promo\u00e7\u00f5es em parcerias realizadas pelo<u> IBAPE Nacional ou Estadual;<\/u><\/li>\n<li>Acesso \u00e0 Tabela de Honor\u00e1rios do <u>IBAPE Estadual*;<\/u><\/li>\n<li>Selo de profissional associado, emitido pelo <u>IBAPE Estadual*;<\/u><\/li>\n<li>Participa\u00e7\u00e3o em Assembleias dos IBAPEs Estaduais.<\/li>\n<\/ul>\n<p>Obriga\u00e7\u00f5es do associado:<\/p>\n<ul>\n<li>Pagar anuidade.<\/li>\n<li>Seguir o C\u00f3digo de \u00c9tica da Institui\u00e7\u00e3o.<\/li>\n<\/ul>\n<p>(*) Observamos que os IBAPEs Estaduais, apesar de fazerem parte do IBAPE Nacional, s\u00e3o CNPJs independentes e podem possuir alguns benef\u00edcios diferentes, ou mesmo n\u00e3o possuir algum dos benef\u00edcios citados acima.<\/p>\n<p><a href=\"https:\/\/ibape-nacional.com.br\/site\/ibapes-estaduais\/\"><strong>PROCURE J\u00c1 UM IBAPE NO SEU ESTADO E VENHA FAZER PARTE DESSE TIME!<\/strong><\/a><\/p>\n","protected":false},"excerpt":{"rendered":"<p>O que \u00e9 o IBAPE? Fundado em 1957, o IBAPE Instituto Brasileiro de Avalia\u00e7\u00f5es e Per\u00edcias de Engenharia \u00e9 uma Entidade FederativaNacional de car\u00e1ter t\u00e9cnico com um destacado hist\u00f3rico institucional constru\u00eddo atrav\u00e9s de a\u00e7\u00f5es pioneiras intimamente ligadas ao desenvolvimento das atividades dos profissionais da engenharia e da arquitetura atuantes nos campos das avalia\u00e7\u00f5es de bens [&hellip;]<\/p>\n","protected":false},"author":293,"featured_media":0,"parent":0,"menu_order":2,"comment_status":"open","ping_status":"open","template":"page-institucional.php","meta":{"_joinchat":[],"footnotes":""},"class_list":["post-777","page","type-page","status-publish","hentry"],"acf":[],"_links":{"self":[{"href":"https:\/\/ibape-nacional.com.br\/site\/wp-json\/wp\/v2\/pages\/777","targetHints":{"allow":["GET"]}}],"collection":[{"href":"https:\/\/ibape-nacional.com.br\/site\/wp-json\/wp\/v2\/pages"}],"about":[{"href":"https:\/\/ibape-nacional.com.br\/site\/wp-json\/wp\/v2\/types\/page"}],"author":[{"embeddable":true,"href":"https:\/\/ibape-nacional.com.br\/site\/wp-json\/wp\/v2\/users\/293"}],"replies":[{"embeddable":true,"href":"https:\/\/ibape-nacional.com.br\/site\/wp-json\/wp\/v2\/comments?post=777"}],"version-history":[{"count":4,"href":"https:\/\/ibape-nacional.com.br\/site\/wp-json\/wp\/v2\/pages\/777\/revisions"}],"predecessor-version":[{"id":17931,"href":"https:\/\/ibape-nacional.com.br\/site\/wp-json\/wp\/v2\/pages\/777\/revisions\/17931"}],"wp:attachment":[{"href":"https:\/\/ibape-nacional.com.br\/site\/wp-json\/wp\/v2\/media?parent=777"}],"curies":[{"name":"wp","href":"https:\/\/api.w.org\/{rel}","templated":true}]}}