{"id":8,"date":"2012-03-07T13:20:09","date_gmt":"2012-03-07T13:20:09","guid":{"rendered":"http:\/\/ibape-nacional.webluz.net.br\/site\/?page_id=8"},"modified":"2024-10-07T17:18:41","modified_gmt":"2024-10-07T20:18:41","slug":"estatuto","status":"publish","type":"page","link":"https:\/\/ibape-nacional.com.br\/site\/estatuto\/","title":{"rendered":"Estatuto"},"content":{"rendered":"<p>Clique no \u00edcone abaixo para acessar o ESTATUTO do IBAPE.<\/p>\n<p>&nbsp;<\/p>\n<p style=\"text-align: center;\"><a href=\"https:\/\/ibape-nacional.com.br\/site\/wp-content\/uploads\/2024\/10\/ESTATUTO-IBAPE-2024.pdf\" target=\"_blank\" rel=\"noopener\"><img loading=\"lazy\" decoding=\"async\" class=\"aligncenter wp-image-7454 size-full\" src=\"https:\/\/ibape-nacional.com.br\/site\/wp-content\/uploads\/2018\/06\/book-estatuto.png\" alt=\"\" width=\"207\" height=\"250\" \/><\/a><\/p>\n<p>&nbsp;<\/p>\n<p>Para a visualiza\u00e7\u00e3o do arquivo (PDF) ser\u00e1 necess\u00e1rio o uso do \u201cFoxit Reader\u201d, um leitor mais leve e r\u00e1pido que o Adobe Reader.<br \/>\nCaso n\u00e3o tenha instalado copie gratuitamente <a href=\"https:\/\/www.foxitsoftware.com\/pdf-reader\/\" target=\"_blank\" rel=\"noopener\">clicando aqui<\/a>.<\/p>\n<p align=\"left\">Caso queira salvar o estatuto no disco r\u00edgido, clique com o bot\u00e3o direito sobre o link e depois selecione a op\u00e7\u00e3o \u201cSalvar Destino Como&#8230;\u201d.<\/p>\n","protected":false},"excerpt":{"rendered":"<p>Clique no \u00edcone abaixo para acessar o ESTATUTO do IBAPE. &nbsp; &nbsp; Para a visualiza\u00e7\u00e3o do arquivo (PDF) ser\u00e1 necess\u00e1rio o uso do \u201cFoxit Reader\u201d, um leitor mais leve e r\u00e1pido que o Adobe Reader. Caso n\u00e3o tenha instalado copie gratuitamente clicando aqui. Caso queira salvar o estatuto no disco r\u00edgido, clique com o bot\u00e3o [&hellip;]<\/p>\n","protected":false},"author":293,"featured_media":0,"parent":0,"menu_order":0,"comment_status":"open","ping_status":"open","template":"page-institucional.php","meta":{"_joinchat":[],"footnotes":""},"class_list":["post-8","page","type-page","status-publish","hentry"],"acf":[],"_links":{"self":[{"href":"https:\/\/ibape-nacional.com.br\/site\/wp-json\/wp\/v2\/pages\/8","targetHints":{"allow":["GET"]}}],"collection":[{"href":"https:\/\/ibape-nacional.com.br\/site\/wp-json\/wp\/v2\/pages"}],"about":[{"href":"https:\/\/ibape-nacional.com.br\/site\/wp-json\/wp\/v2\/types\/page"}],"author":[{"embeddable":true,"href":"https:\/\/ibape-nacional.com.br\/site\/wp-json\/wp\/v2\/users\/293"}],"replies":[{"embeddable":true,"href":"https:\/\/ibape-nacional.com.br\/site\/wp-json\/wp\/v2\/comments?post=8"}],"version-history":[{"count":4,"href":"https:\/\/ibape-nacional.com.br\/site\/wp-json\/wp\/v2\/pages\/8\/revisions"}],"predecessor-version":[{"id":17587,"href":"https:\/\/ibape-nacional.com.br\/site\/wp-json\/wp\/v2\/pages\/8\/revisions\/17587"}],"wp:attachment":[{"href":"https:\/\/ibape-nacional.com.br\/site\/wp-json\/wp\/v2\/media?parent=8"}],"curies":[{"name":"wp","href":"https:\/\/api.w.org\/{rel}","templated":true}]}}